36065 and 930.
465
Calculate the greatest common factor of 14504 and 379362998.
3626
Calculate the greatest common divisor of 26999 and 2584741.
551
Calculate the greatest common divisor of 44 and 3236025034.
22
Calculate the highest common factor of 43247 and 534245.
59
Calculate the highest common divisor of 42 and 20058122.
14
Calculate the highest common factor of 752 and 893616.
16
What is the greatest common divisor of 57288 and 13226584?
1736
Calculate the highest common factor of 394791 and 3.
3
Calculate the greatest common factor of 836737 and 552233.
671
What is the greatest common factor of 113052052 and 76?
76
What is the highest common divisor of 11114043 and 564?
141
What is the highest common divisor of 551796817 and 39?
13
What is the highest common divisor of 2256242 and 20385?
151
Calculate the greatest common factor of 33472634 and 45426.
226
Calculate the greatest common factor of 214885 and 1705.
55
Calculate the highest common factor of 974270 and 22066.
374
Calculate the greatest common factor of 12675612 and 94425.
3777
Calculate the greatest common factor of 191165 and 3282955.
1105
Calculate the greatest common factor of 328101347 and 1022.
511
Calculate the greatest common factor of 2223 and 6903403.
247
What is the highest common divisor of 89685 and 29655?
45
What is the highest common factor of 11271 and 974389?
221
What is the greatest common divisor of 6445 and 820725635?
6445
Calculate the highest common factor of 37747 and 25.
1
Calculate the greatest common factor of 10280 and 14003416.
2056
Calculate the highest common divisor of 3430 and 468362090.
490
Calculate the greatest common divisor of 363 and 4555892.
121
What is the highest common divisor of 76810420 and 364140?
5780
What is the highest common factor of 736 and 500672?
32
What is the highest common divisor of 8439 and 15022870?
29
Calculate the highest common divisor of 6010 and 354335.
5
What is the greatest common divisor of 4031 and 99941?
139
Calculate the greatest common divisor of 722 and 15583648.
722
Calculate the highest common divisor of 600 and 1744360.
40
What is the highest common divisor of 17748 and 2144652?
204
Calculate the greatest common factor of 8786884 and 41356.
844
What is the highest common factor of 1020213 and 6300?
9
Calculate the highest common divisor of 1514 and 5396653.
757
Calculate the greatest common divisor of 831 and 9650957.
277
Calculate the greatest common divisor of 6173568 and 28.
4
What is the greatest common factor of 10584 and 6099768?
72
Calculate the greatest common factor of 684 and 22203780.
228
What is the greatest common divisor of 2763 and 50913801?
2763
Calculate the highest common factor of 721790 and 12905.
445
What is the greatest common divisor of 536237 and 362891?
167
What is the highest common divisor of 1366 and 30291733?
683
What is the highest common divisor of 16542 and 52254?
18
What is the highest common factor of 975 and 54182050?
325
What is the greatest common divisor of 8317956 and 9696?
1212
What is the greatest common divisor of 14045 and 8474753?
2809
Calculate the greatest common divisor of 31 and 2664401.
1
What is the highest common factor of 29981 and 131376?
7
Calculate the greatest common factor of 1170 and 2723526.
234
Calculate the highest common factor of 2968 and 22359792.
56
Calculate the highest common factor of 14200615 and 2145.
715
Calculate the highest common factor of 3120 and 979778280.
1560
Calculate the highest common divisor of 6444 and 5591244.
2148
What is the greatest common factor of 20 and 56517380?
20
Calculate the highest common factor of 310185 and 3214395.
2745
Calculate the greatest common factor of 34124 and 2166152.
76
What is the greatest common factor of 621731530 and 7?
7
Calculate the highest common divisor of 269627 and 13989887.
3413
Calculate the greatest common factor of 16224 and 10223993.
169
What is the highest common divisor of 135335336 and 7328?
1832
Calculate the greatest common factor of 102479 and 45500.
13
What is the greatest common factor of 390 and 242023470?
390
Calculate the greatest common divisor of 5131 and 454878543.
5131
Calculate the highest common factor of 194172328 and 422.
422
What is the highest common factor of 5720 and 905432?
88
Calculate the greatest common divisor of 121101 and 446219.
1091
Calculate the greatest common divisor of 96760 and 749480.
1640
What is the highest common factor of 4127712 and 46872?
744
What is the highest common divisor of 1692 and 252660?
12
Calculate the greatest common divisor of 49158 and 1584.
18
What is the greatest common divisor of 2 and 9161362?
2
Calculate the highest common divisor of 36036 and 2049684.
1092
What is the greatest common divisor of 100932414 and 44?
22
Calculate the highest common divisor of 44771539 and 89.
89
Calculate the greatest common divisor of 149633 and 46421.
61
What is the greatest common factor of 23545 and 8666260?
85
What is the greatest common divisor of 80 and 23976520?
40
Calculate the greatest common factor of 655205005 and 182.
91
Calculate the greatest common factor of 32020812 and 81.
27
Calculate the greatest common factor of 5543483 and 14927.
253
Calculate the greatest common factor of 43140525 and 8430.
4215
What is the highest common factor of 86 and 77924514?
86
What is the greatest common factor of 23298480 and 160?
80
Calculate the highest common divisor of 25 and 2576149825.
25
Calculate the greatest common factor of 130 and 29579342.
26
Calculate the highest common factor of 595466 and 938006.
346
Calculate the greatest common divisor of 1910277 and 2403.
27
Calculate the greatest common factor of 2689938 and 12.
6
Calculate the greatest common divisor of 1317 and 1163634033.
1317
What is the greatest common divisor of 894421 and 220?
11
What is the highest common factor of 37 and 178852043?
37
What is the highest common factor of 255232 and 589440?
128
What is the highest common factor of 64040994 and 18?
18
Calculate the highest common factor of 152 and 5551368.
8
What is the highest common divisor of 162669 and 13592319?
3783
Calculate the highest common divisor of 154068960 and 240.
240
What is the highest common divisor of 53901 and 32277?
159
Calculate the greatest common factor of 1980 and 4804074.
198
Calculate the highest common factor of 1259 and 16957471.
1259
What is the greatest common factor of 32451 and 11919?
87
Calculate the greatest common factor of 4890979 and 113.
113
What is the highest common divisor of 24 and 165593028?
12
Calculate the highest common divisor of 118240758 and 7254.
558
Calculate the highest common factor of 10788580 and 66880.
4180
What is the greatest common divisor of 37050 and 977094?
114
What is the greatest common factor of 394653 and 14?
7
What is the greatest common divisor of 5717355 and 1020?
255
What is the greatest common divisor of 2327232 and 7068?
372
Calculate the highest common divisor of 246 and 711710472.
246
Calculate the highest common divisor of 1148137 and 42113.
23
Calculate the greatest common factor of 1450728 and 45.
9
Calculate the greatest common divisor of 84 and 7913136.
84
What is the highest common factor of 189240 and 14915?
95
What is the greatest common factor of 38 and 1322533?
19
Calculate the greatest common factor of 229877 and 25990774.
4891
Calculate the highest common factor of 1251750 and 1275.
75
What is the greatest common divisor of 3933202 and 210?
14
Calculate the greatest common divisor of 6525930 and 19380.
570
What is the highest common divisor of 2357782 and 6963362?
6874
What is the highest common factor of 26 and 112056607?
13
Calculate the highest common factor of 121442856 and 24.
24
What is the greatest common factor of 17610624 and 33408?
1152
Calculate the highest common factor of 1216 and 12065.
19
What is the greatest common divisor of 5067482 and 890?
178
What is the highest common divisor of 18 and 119096?
2
What is the highest common divisor of 40467 and 3706185?
987
What is the greatest common factor of 138734 and 96986?
142
What is the highest common factor of 191608222 and 2678?
2678
Calculate the highest common factor of 2009158276 and 1244.
1244
Calculate the greatest common divisor of 103157 and 258.
43
What i